{"id":42,"date":"2023-05-25T10:06:50","date_gmt":"2023-05-25T08:06:50","guid":{"rendered":"https:\/\/tettamantitema.hu\/?page_id=42"},"modified":"2026-03-12T13:29:43","modified_gmt":"2026-03-12T12:29:43","slug":"koncertek","status":"publish","type":"page","link":"https:\/\/tettamantitema.hu\/en\/koncertek\/","title":{"rendered":"Shows"},"content":{"rendered":"<p>April 13. 2026, 16:00-17:00: A38 \"Akusztik\" live session (1117 Budapest, Henryk S\u0142awik rakpart, Pet\u0151fi h\u00edd budai h\u00eddf\u0151)<\/p>\n\n\n\n<p>April 23. 2026, 19:00: AudioMe Jazz Klub (1047 Budapest, K\u00e1rolyi Istv\u00e1n utca 10.)<br><br>July 26. 2026, 22:00: A35th Valley of Arts (M\u0171v\u00e9szetek V\u00f6lgye), Hungarian Jazz Federation Stage Kapolcs<\/p>\n\n\n\n<p>August 6. 2026, 19:40: Debreceni Wine and Jazz Days 2026 (Nagyerdei park, 4032 Debrecen)<\/p>\n\n\n\n<p><\/p>","protected":false},"excerpt":{"rendered":"<p>2026. \u00e1prilis 13. 16:00-17:00: A38 koncert &#8222;Akusztik TV-felv\u00e9tel&#8221; (1117 Budapest, Henryk S\u0142awik rakpart, Pet\u0151fi h\u00edd budai h\u00eddf\u0151) 2026. \u00e1prilis 23. 19:00: AudioMe Jazz Klub (1047 Budapest, K\u00e1rolyi Istv\u00e1n utca 10.) 2026. j\u00falius 26. 22:00 M\u0171v\u00e9szetek V\u00f6lgye 2026 Magyar Jazzsz\u00f6vets\u00e9g sz\u00ednpad, Kapolcs 2026. aug. 6. 19:40: Debreceni Bor \u00e9s Jazznapok 2026 (Nagyerdei park, 4032 Debrecen)<\/p>","protected":false},"author":1,"featured_media":43,"parent":0,"menu_order":0,"comment_status":"closed","ping_status":"closed","template":"","meta":{"footnotes":""},"class_list":["post-42","page","type-page","status-publish","has-post-thumbnail","hentry"],"_links":{"self":[{"href":"https:\/\/tettamantitema.hu\/en\/wp-json\/wp\/v2\/pages\/42","targetHints":{"allow":["GET"]}}],"collection":[{"href":"https:\/\/tettamantitema.hu\/en\/wp-json\/wp\/v2\/pages"}],"about":[{"href":"https:\/\/tettamantitema.hu\/en\/wp-json\/wp\/v2\/types\/page"}],"author":[{"embeddable":true,"href":"https:\/\/tettamantitema.hu\/en\/wp-json\/wp\/v2\/users\/1"}],"replies":[{"embeddable":true,"href":"https:\/\/tettamantitema.hu\/en\/wp-json\/wp\/v2\/comments?post=42"}],"version-history":[{"count":25,"href":"https:\/\/tettamantitema.hu\/en\/wp-json\/wp\/v2\/pages\/42\/revisions"}],"predecessor-version":[{"id":301,"href":"https:\/\/tettamantitema.hu\/en\/wp-json\/wp\/v2\/pages\/42\/revisions\/301"}],"wp:featuredmedia":[{"embeddable":true,"href":"https:\/\/tettamantitema.hu\/en\/wp-json\/wp\/v2\/media\/43"}],"wp:attachment":[{"href":"https:\/\/tettamantitema.hu\/en\/wp-json\/wp\/v2\/media?parent=42"}],"curies":[{"name":"wp","href":"https:\/\/api.w.org\/{rel}","templated":true}]}}

<p>April 13. 2026, 16:00-17:00: A38 "Akusztik" live session (1117 Budapest, Henryk Sławik rakpart, Petőfi híd budai hídfő)</p>



<p>April 23. 2026, 19:00: AudioMe Jazz Klub (1047 Budapest, Károlyi István utca 10.)<br><br>July 26. 2026, 22:00: A35th Valley of Arts (Művészetek Völgye), Hungarian Jazz Federation Stage Kapolcs</p>



<p>August 6. 2026, 19:40: Debreceni Wine and Jazz Days 2026 (Nagyerdei park, 4032 Debrecen)</p>



<p></p>

<p>2026. április 13. 16:00-17:00: A38 koncert &#8222;Akusztik TV-felvétel&#8221; (1117 Budapest, Henryk Sławik rakpart, Petőfi híd budai hídfő) 2026. április 23. 19:00: AudioMe Jazz Klub (1047 Budapest, Károlyi István utca 10.) 2026. július 26. 22:00 Művészetek Völgye 2026 Magyar Jazzszövetség színpad, Kapolcs 2026. aug. 6. 19:40: Debreceni Bor és Jazznapok 2026 (Nagyerdei park, 4032 Debrecen)</p>
